e remainder when 20 is divided by 8.
4
What is the remainder when 50 is divided by 39?
11
What is the remainder when 34775 is divided by 184?
183
Calculate the remainder when 545 is divided by 31.
18
Calculate the remainder when 213 is divided by 73.
67
What is the remainder when 2752 is divided by 53?
49
Calculate the remainder when 107 is divided by 58.
49
Calculate the remainder when 72 is divided by 41.
31
What is the remainder when 438 is divided by 200?
38
Calculate the remainder when 687 is divided by 89.
64
Calculate the remainder when 126 is divided by 27.
18
Calculate the remainder when 545 is divided by 45.
5
Calculate the remainder when 4801 is divided by 479.
11
What is the remainder when 4273 is divided by 1423?
4
What is the remainder when 12849 is divided by 181?
179
What is the remainder when 340 is divided by 9?
7
What is the remainder when 629 is divided by 21?
20
What is the remainder when 493 is divided by 158?
19
What is the remainder when 182 is divided by 33?
17
Calculate the remainder when 183 is divided by 54.
21
What is the remainder when 165 is divided by 47?
24
What is the remainder when 1217 is divided by 250?
217
What is the remainder when 515 is divided by 131?
122
Calculate the remainder when 6735 is divided by 23.
19
What is the remainder when 348 is divided by 38?
6
What is the remainder when 159 is divided by 24?
15
What is the remainder when 988 is divided by 10?
8
Calculate the remainder when 299 is divided by 61.
55
What is the remainder when 180 is divided by 109?
71
Calculate the remainder when 310 is divided by 26.
24
What is the remainder when 499 is divided by 173?
153
Calculate the remainder when 397 is divided by 196.
5
Calculate the remainder when 592 is divided by 26.
20
What is the remainder when 729 is divided by 12?
9
Calculate the remainder when 248 is divided by 24.
8
What is the remainder when 1312 is divided by 1289?
23
What is the remainder when 14445 is divided by 172?
169
What is the remainder when 546 is divided by 213?
120
What is the remainder when 718 is divided by 148?
126
Calculate the remainder when 11527 is divided by 21.
19
Calculate the remainder when 50352 is divided by 43.
42
What is the remainder when 71 is divided by 38?
33
Calculate the remainder when 3430 is divided by 11.
9
Calculate the remainder when 2010 is divided by 64.
26
Calculate the remainder when 174 is divided by 103.
71
Calculate the remainder when 329 is divided by 29.
10
Calculate the remainder when 103 is divided by 75.
28
Calculate the remainder when 1471 is divided by 18.
13
What is the remainder when 686 is divided by 157?
58
What is the remainder when 79 is divided by 16?
15
Calculate the remainder when 515 is divided by 170.
5
What is the remainder when 5813 is divided by 153?
152
Calculate the remainder when 1994 is divided by 19.
18
Calculate the remainder when 1359 is divided by 40.
39
Calculate the remainder when 1360 is divided by 203.
142
What is the remainder when 364 is divided by 41?
36
What is the remainder when 416 is divided by 89?
60
Calculate the remainder when 362 is divided by 73.
70
Calculate the remainder when 1883 is divided by 147.
119
What is the remainder when 73 is divided by 16?
9
What is the remainder when 2047 is divided by 128?
127
Calculate the remainder when 998 is divided by 24.
14
What is the remainder when 3289 is divided by 17?
8
What is the remainder when 443 is divided by 16?
11
What is the remainder when 250 is divided by 15?
10
What is the remainder when 1019 is divided by 73?
70
What is the remainder when 215 is divided by 121?
94
Calculate the remainder when 317 is divided by 81.
74
What is the remainder when 205 is divided by 82?
41
What is the remainder when 669 is divided by 8?
5
What is the remainder when 2372 is divided by 132?
128
Calculate the remainder when 210 is divided by 30.
0
Calculate the remainder when 1268 is divided by 411.
35
Calculate the remainder when 310 is divided by 109.
92
What is the remainder when 1364 is divided by 21?
20
What is the remainder when 100 is divided by 77?
23
Calculate the remainder when 47 is divided by 24.
23
What is the remainder when 213 is divided by 17?
9
What is the remainder when 1006 is divided by 8?
6
Calculate the remainder when 518 is divided by 58.
54
What is the remainder when 49 is divided by 12?
1
What is the remainder when 1529 is divided by 308?
297
What is the remainder when 23430 is divided by 202?
200
What is the remainder when 184 is divided by 6?
4
Calculate the remainder when 9283 is divided by 211.
210
What is the remainder when 1922 is divided by 638?
8
Calculate the remainder when 203 is divided by 24.
11
Calculate the remainder when 1100 is divided by 6.
2
What is the remainder when 3529 is divided by 10?
9
What is the remainder when 382 is divided by 11?
8
Calculate the remainder when 392 is divided by 44.
40
What is the remainder when 1194 is divided by 191?
48
Calculate the remainder when 223 is divided by 212.
11
What is the remainder when 2097 is divided by 70?
67
Calculate the remainder when 332 is divided by 28.
24
Calculate the remainder when 2397 is divided by 117.
57
What is the remainder when 182 is divided by 46?
44
Calculate the remainder when 118 is divided by 8.
6
Calculate the remainder when 246 is divided by 64.
54
Calculate the remainder when 1681 is divided by 338.
329
What is the remainder when 378 is divided by 120?
18
Calculate the remainder when 223 is divided by 28.
27
Calculate the remainder when 42 is divided by 25.
17
What is the remainder when 493 is divided by 21?
10
Calculate the remainder when 73 is divided by 53.
20
What is the remainder when 561 is divided by 483?
78
What is the remainder when 3977 is divided by 117?
116
Calculate the remainder when 257 is divided by 125.
7
Calculate the remainder when 321 is divided by 25.
21
Calculate the remainder when 135 is divided by 28.
23
Calculate the remainder when 145 is divided by 46.
7
What is the remainder when 102 is divided by 35?
32
Calculate the remainder when 535 is divided by 67.
66
Calculate the remainder when 369 is divided by 211.
158
Calculate the remainder when 201 is divided by 6.
3
What is the remainder when 649 is divided by 14?
5
Calculate the remainder when 66 is divided by 41.
25
Calculate the remainder when 39 is divided by 14.
11
Calculate the remainder when 502 is divided by 61.
14
Calculate the remainder when 157 is divided by 58.
41
Calculate the remainder when 27 is divided by 17.
10
What is the remainder when 6 is divided by 3?
0
Calculate the remainder when 609 is divided by 122.
121
What is the remainder when 36 is divided by 3?
0
Calculate the remainder when 231 is divided by 125.
106
Calculate the remainder when 120 is divided by 101.
19
What is the remainder when 192 is divided by 14?
10
What is the remainder when 516 is divided by 65?
61
Calculate the remainder when 1197 is divided by 202.
187
Calculate the remainder when 289 is divided by 139.
11
Calculate the remainder when 209 is divided by 111.
98
What is the remainder when 3295 is divided by 11?
6
What is the remainder when 1048 is divided by 30?
28
What is the remainder when 212 is divided by 55?
47
What is the remainder when 372 is divided by 15?
12
What is the remainder when 4607 is divided by 72?
71
What is the remainder when 515 is divided by 130?
125
Calculate the remainder when 3848 is divided by 55.
53
Calculate the remainder when 81 is divided by 22.
15
Calculate the remainder when 104 is divided by 41.
22
Calculate the remainder when 144 is divided by 52.
40
What is the remainder when 187 is divided by 87?
13
What is the remainder when 3899 is divided by 649?
5
What is the remainder when 3268 is divided by 131?
124
What is the remainder when 89 is divided by 24?
17
Calculate the remainder when 41 is divided by 4.
1
Calculate the remainder when 50 is divided by 45.
5
What is the remainder when 686 is divided by 100?
86
What is the remainder when 144 is divided by 24?
0
Calculate the remainder when 5772 is divided by 9.
3
What is the remainder when 10 is divided by 3?
1
Calculate the remainder when 471 is divided by 457.
14
Calculate the remainder when 356 is divided by 45.
41
What is the remainder when 288 is divide